3. Let q = j - l. What is the tens digit of q?
5
Let l = 508 - 223. Suppose l + 3924 = 23*o. What is the hundreds digit of o?
1
Let x = -22747 - -44315. What is the hundreds digit of x?
5
What is the units digit of (34772 - 158)*-4*2/(-16)?
7
What is the tens digit of -248*(-1555)/20*1?
8
Suppose -4*z + 4 = 2*k, -z + 25 = 2*z - 4*k. Let y(o) = -3*o**2 + 1 - 4*o**2 - 8*o + 4*o + o**z. What is the tens digit of y(8)?
3
Let n(c) be the third derivative of 9*c**5/20 + c**4/3 + 5*c**3/3 - 7*c**2 + 1. What is the units digit of n(-5)?
5
Suppose 0 = j + d - 30, 4*d = -5*j - 33 + 180. What is the tens digit of 2757/j + (-2)/18?
0
Let f = -9 + 12. Suppose -d = d + 4*j, 4*d - f = -5*j. Suppose -2*y + 239 = -5*b, b = d*y + y - 391. What is the units digit of y?
2
Suppose -4*u - 2*q = -199054, -5*u + 4*q + 4624 + 244148 = 0. What is the units digit of u?
0
What is the tens digit of 82232/95*(-190)/(-8)*2?
1
Suppose 4*j = p + 6, -2*p + 22 - 1 = 3*j. Suppose 2330 = p*w - w. What is the units digit of w?
6
What is the units digit of (-2 - (1 + (-9)/2)) + (-49720)/(-16)?
9
Let n(h) = 2080*h - 103. What is the thousands digit of n(3)?
6
What is the tens digit of ((-224)/128 - (-18679)/4) + -6?
6
Suppose 4*c = -j - 5, 0 = 8*j - 4*j + 3*c + 20. Let t(z) = -13*z**3 + 3*z**2 + 2*z - 15. What is the thousands digit of t(j)?
1
Suppose -2*t + 110 = 3*t. Suppose -3*c + 1 = u - 8*c, -2*u + 5*c = -t. What is the hundreds digit of (1 + u/(-9))*-87?
1
Let r be 1682*2/(-16)*72/(-9). Suppose -14*f - r = -12546. What is the tens digit of f?
7
Let l = -2283 + -74. Let n = -521 - l. What is the units digit of (2/4)/(9/n)?
2
Suppose 2*o = -5*w + 197373, -8*w + 9*w = 5*o + 39453. What is the thousands digit of w?
9
Suppose -17452 = -4*g + 5*h, 5*g + 677*h - 21802 = 680*h. What is the hundreds digit of g?
3
Let f be (-2 - 20/15)/(2/(-3)). Suppose 10 = 5*q + f*b, -2*q + b - 8 + 21 = 0. Suppose 3*z = 15, q*v - 255 = 5*z + 290. What is the hundreds digit of v?
1
Let l(g) = 543*g + 551. What is the tens digit of l(6)?
0
Suppose -4*f + 3*b - 26 = 0, 5*b + 11 = 1. Let r(p) = 0*p**2 + 10*p - 4*p**2 + p**2 + 20 + 4*p**2. What is the units digit of r(f)?
4
Let u = -15959 + 36985. What is the thousands digit of u?
1
Suppose -269547 - 347675 = -43*x. What is the thousands digit of x?
4
Suppose -b = b + m - 19947, 5*b + 3*m - 49866 = 0. Suppose -b = -21*f + 2*f. What is the hundreds digit of f?
5
Let n = -152 + 167. Let r(f) = 23*f - 1. What is the units digit of r(n)?
4
Suppose 1820 = 8*b - 20. Let i = b + -87. What is the hundreds digit of i?
1
Let m(q) = 4 + 5 + 305*q + 72*q - 10. What is the hundreds digit of m(1)?
3
Let w = 2419 - 1380. Suppose 3196 = 5*g - w. What is the units digit of g?
7
Suppose -4*i - 13 + 41 = 0. Let g(w) = 5*w - i*w + 3*w**2 - 5 - 2*w**2. What is the tens digit of g(13)?
3
Suppose 4*b - 937 = -k, -3*k = -7*b + 8*b - 226. Suppose 0 = -2*s - 5*c + 144, -3*s = c - 3*c - b. Let x = s - -88. What is the units digit of x?
5
Let u = -461 - -470. Suppose -10*j = -u*j - 214. What is the tens digit of j?
1
Suppose 258 = -16*q + 19*q. Suppose -4*y + 0*c - 4*c = 16, 4*y - 4*c - 8 = 0. Let p = y + q. What is the tens digit of p?
8
Let s = -247 - -335. What is the units digit of (-6)/(-7)*(s + -11)?
6
Suppose 4*r = 5*h - 160, -h + 4*r - 7*r + 32 = 0. Let u = -38 + h. Let y(b) = 6*b**2 + 6*b - 9. What is the units digit of y(u)?
1
Let a(o) = o**3 + 4*o**2 + 4*o + 5. Let p be a(-3). Suppose 2*u + 2*q = 398 + 680, 2*q + 1066 = p*u. What is the tens digit of u?
3
Suppose -2*m - 4121 = -r, 2*m = 4*r - 2*m - 16464. What is the units digit of r?
1
Let j = 44658 - 14101. What is the units digit of j?
7
Let b = 17510 - 11280. What is the units digit of b?
0
Let y(z) = -84*z**2 + 21*z + 18. Let b(f) = -83*f**2 + 19*f + 16. Let a(m) = -5*b(m) + 4*y(m). What is the units digit of a(-2)?
0
Suppose 511*i + 29260 = 522*i. What is the hundreds digit of i?
6
Let c = -73160 + 125229. What is the ten thousands digit of c?
5
Let k(w) = 251*w**2 - 27*w + 118. What is the ten thousands digit of k(7)?
1
Let j = 80 + -171. Let w(n) = 8*n**2 - 4*n - 7. Let x be w(5). Let t = j + x. What is the units digit of t?
2
Let d(l) = 3 - 4 - 3*l - 1 - 3. Let q be d(12). Let w = 61 + q. What is the units digit of w?
0
Suppose -29*h - 191584 = 11*h - 1085584. What is the thousands digit of h?
2
Suppose -501*s = -626*s + 2802000. What is the hundreds digit of s?
4
What is the tens digit of 9618 - (12/18 - 1/(-3))?
1
Let b = 82630 - 49244. What is the units digit of b?
6
Let n = 79611 - 52095. What is the thousands digit of n?
7
Let i = 195 + -185. What is the thousands digit of 30/9*12/i - -1084?
1
Suppose 13*m = 37967 + 24615. Suppose m = 8*o - 5034. What is the units digit of o?
1
Suppose 4*b = -5*g + 14, 8*b - 10*b - 8 = -5*g. Let k(j) = -4 - j - 3*j + 65*j**2 + 0 + g. What is the tens digit of k(-1)?
6
Let y = 31 - 31. Suppose 0*k - 6*k + 12 = y. Suppose -5*n + 437 = 4*p, 3*n - 3*p - 277 = k*p. What is the units digit of n?
9
Let v = -2105 - -5353. What is the thousands digit of v?
3
Suppose 4*h - 58 = -3*o, -2*h + 0*o + 2*o = -36. Let q = 18 - h. Suppose p + q*p - 303 = 0. What is the tens digit of p?
0
Let d be -5*(-170)/50 + 1 + -3. Let s(w) = 135*w - 172. What is the thousands digit of s(d)?
1
What is the tens digit of -1*147916/(-2) - -15?
7
Suppose -6*l = -4*l + 160. Let u = 46 + l. Let t = u - -61. What is the units digit of t?
7
Suppose 0 = 5*n - 51 + 111. Let m = 12 + n. Suppose -213 = -m*g - 3*g. What is the tens digit of g?
7
Let n be (-6 + 7 - -318)/(1 - 0). Suppose -1117 = -14*l - n. What is the tens digit of l?
5
What is the thousands digit of (312/60)/(4 - 4798/1200)?
3
Let c = 30 - 45. Suppose 5*o = -4*a + 25, 4*a = 24*o - 25*o + 37. What is the units digit of a + c - 290/(-2)?
0
Let d(q) = 1152*q**2 - 247*q + 1418. What is the thousands digit of d(6)?
1
Let v(f) be the third derivative of 11*f**6/120 - f**5/12 - f**4/6 - f**3/2 - 28*f**2. Let p be v(-2). What is the hundreds digit of -4 - p - (-9 + 5)?
1
Let f = 43 - 26. Suppose -f*w + 5418 = -3*w. What is the units digit of w?
7
Let n(s) = -s**3 + 7*s**2 + 5*s - 2. Let z be n(7). Let i = 17 + z. Suppose 11*c - i = 6*c. What is the units digit of c?
0
Let l(t) = -34*t + 28. Suppose -o = -6*o - 4*c - 15, 4*o - 4*c = -48. What is the tens digit of l(o)?
6
Suppose h - 4368 = -f - 485, -5*h = -12*f - 19415. What is the thousands digit of h?
3
Let f = 102 + -98. Suppose 0 = 4*p - f*t - 80, -6*p + 4*t + 98 = -p. What is the units digit of p?
8
Suppose -a = 4*j - 1578, 2*j + 4734 = 6*a - 3*a. Suppose 0 = 3*u + h - 1570, -9*u + 12*u - 3*h - a = 0. What is the units digit of u?
4
Suppose 70*u + 132111 = -64*u + 137*u. What is the hundreds digit of u?
0
What is the units digit of -3*6*(-131595)/279?
0
Let d(t) = 5*t**2 - 6*t + 87. Let b(w) = w**2 + 41*w - 78. Let m be b(-43). What is the tens digit of d(m)?
5
Let x(r) be the second derivative of r**6/720 + 21*r**5/40 - 7*r**4/12 - 6*r. Let g(u) be the third derivative of x(u). What is the tens digit of g(12)?
7
Suppose -r - 4*b = -760, -2*r = -0*b + 4*b - 1516. Suppose -g - r = 6*g. What is the tens digit of (g/48)/((-3)/128)?
9
Suppose 4538 = k - 3152. Suppose -2*u - k = -12*u. What is the hundreds digit of u?
7
Let s = 47 - 43. Suppose 3*m + 658 = s*x, -61 = -x - 5*m + 92. What is the hundreds digit of x?
1
Let a(w) = -41*w - 42. Let p(y) = -y**3 - 11*y**2 - 27*y - 6. Let i be p(-4). What is the tens digit of a(i)?
6
Suppose -243480 = 30*s - 70*s. What is the thousands digit of s?
6
Let j be ((-1)/4)/((-25236)/12624 + 2). Let n = 1256 + j. What is the tens digit of n?
9
Suppose 2*z + 2*z - 106 = -5*d, -98 = -5*d - 2*z. Let f be ((-38)/4)/((3 - 4)/d). Suppose 3*k + f = -5*i + 688, -899 = -5*k + i. What is the units digit of k?
9
Suppose -t - 5243 = -8*t. Let a = t + -381. What is the hundreds digit of a?
3
Suppose 21054 = -29*i + 45765 + 52168. What is the tens digit of i?
5
Suppose 38*s - 3*z - 73028 = 36*s, 3*z - 73052 = -2*s. What is the tens digit of s?
2
Suppose -6*q = -25*q + 37202. Let r = q - 843. What is the units digit of r?
5
Suppose -339 = a - 36. Suppose -4*t = 2*l + 350, 127 = -4*l - 2*t - 591. Let r = l - a. What is the tens digit of r?
2
Let m = 3 + -4. Let a(k) = 8*k**2 + 2*k - 61